
True
Is 197377511 prime?
False
Is 7730881 prime?
True
Is 7841356379 a prime number?
True
Is 479206987 prime?
False
Is 259318259803 a composite number?
False
Is 8743729327 composite?
False
Is 364611277 a prime number?
False
Is 52625692137 a prime number?
False
Is 4845821413 a prime number?
True
Is 453258073 prime?
True
Is 92639353 a composite number?
False
Is 604128601 prime?
True
Is 3018937169 prime?
True
Is 52100858387 a composite number?
False
Is 5127763001 a prime number?
True
Is 7385593921 prime?
False
Is 49023263 composite?
True
Is 28086945823 composite?
False
Is 91833202 prime?
False
Is 140525221 a prime number?
True
Is 42681608119 a composite number?
False
Is 776552989 a prime number?
True
Is 864082963 a prime number?
True
Is 1746476939 a composite number?
False
Is 6640471391 a prime number?
True
Is 1920803281 a composite number?
True
Is 44634158619 composite?
True
Is 101760223 composite?
True
Is 935708791 a prime number?
True
Is 86903040209 a prime number?
True
Is 316887001 prime?
True
Is 1923855386 a composite number?
True
Is 4660678747 a prime number?
True
Is 52695341383 composite?
True
Is 189575338297 a composite number?
True
Is 9499186843 a prime number?
False
Is 84720184291 a composite number?
False
Is 9849957697 a prime number?
True
Is 462676093 a composite number?
True
Is 10569506009 prime?
True
Is 7935681157 prime?
False
Is 215501758891 prime?
True
Is 1356599333 composite?
False
Is 402149233 composite?
False
Is 15739700021 composite?
True
Is 289192165571 a composite number?
False
Is 1539576433 a prime number?
False
Is 2208379687 prime?
True
Is 431606569 a prime number?
False
Is 2951021641 composite?
False
Is 60812706281 prime?
False
Is 4559057683 a composite number?
True
Is 7957912889 a composite number?
False
Is 949004557 prime?
False
Is 147887107617 composite?
True
Is 2128659503 a composite number?
True
Is 104454577649 a composite number?
True
Is 76647451 a prime number?
True
Is 46033172077 a composite number?
False
Is 3805219003 a composite number?
True
Is 93242669635 a composite number?
True
Is 244594327 prime?
False
Is 4667973935 a composite number?
True
Is 113674603337 a prime number?
True
Is 257045493383 a composite number?
True
Is 2660598593 composite?
False
Is 2502377239 a composite number?
False
Is 7468478053 composite?
False
Is 27691753 a composite number?
True
Is 6535810403 composite?
True
Is 102103291139 a composite number?
False
Is 1496965591 composite?
True
Is 191690593 prime?
True
Is 137476307 a composite number?
False
Is 13445491863 a prime number?
False
Is 447139477 prime?
True
Is 1603366157 a composite number?
False
Is 637377029 prime?
True
Is 403625329 prime?
True
Is 1542817477 composite?
False
Is 950261701 prime?
True
Is 759310031 prime?
True
Is 10754311081 a prime number?
False
Is 13937774551 a prime number?
True
Is 7316731699 a prime number?
True
Is 462813481457 composite?
False
Is 15462823223 prime?
True
Is 5841613909 composite?
True
Is 54153710537 prime?
True
Is 224584358 a prime number?
False
Is 10165671463 a composite number?
False
Is 1182141071 prime?
True
Is 1911928319 a composite number?
True
Is 1635302289 prime?
False
Is 2061568717 a composite number?
True
Is 33244882745 a prime number?
False
Is 538754579 a prime number?
False
Is 142042968709 composite?
False
Is 90883031 a composite number?
False
Is 610623487 prime?
True
Is 595353623 a composite number?
True
Is 1118509897 composite?
False
Is 232862701 prime?
False
Is 250809418303 a prime number?
True
Is 1866161923 a prime number?
True
Is 8129539199 a prime number?
True
Is 93871597 prime?
True
Is 4449353201 a prime number?
True
Is 378543619 a composite number?
False
Is 7127338741 prime?
True
Is 3943087289 a prime number?
True
Is 4141855721 a composite number?
False
Is 23082768103 prime?
True
Is 7687630963 composite?
False
Is 344612197 a composite number?
True
Is 1421061937 a composite number?
True
Is 31767707929 prime?
True
Is 1930332077 a composite number?
False
Is 12194868737 prime?
True
Is 2184473707 prime?
False
Is 1548429623 composite?
True
Is 320302067 a prime number?
True
Is 175492823 composite?
True
Is 393763633 a composite number?
True
Is 2156025271 prime?
False
Is 1273817783 a composite number?
True
Is 59098289911 a composite number?
True
Is 791265781 composite?
False
Is 2482791541 a composite number?
True
Is 126142329451 composite?
True
Is 2656205003 a prime number?
True
Is 8510725177 a composite number?
False
Is 582408886 prime?
False
Is 163555571 a composite number?
True
Is 206162809 composite?
False
Is 56295037693 composite?
False
Is 50312496121 composite?
True
Is 25526116241 a composite number?
True
Is 264028477 composite?
True
Is 106174916717 prime?
False
Is 4245648923 composite?
True
Is 5292686897 composite?
True
Is 2111280781 a composite number?
False
Is 929591353 prime?
False
Is 22410433081 a composite number?
True
Is 3181883063 a composite number?
True
Is 5577771971 composite?
False
Is 5657459299 a composite number?
True
Is 14506951931 a composite number?
True
Is 1076858947 a prime number?
True
Is 491668861 a prime number?
False
Is 55893534611 a composite number?
False
Is 3492292987 a prime number?
False
Is 123310794745 a composite number?
True
Is 263666519 composite?
False
Is 8139891983 composite?
True
Is 95682757421 a composite number?
False
Is 474073277 a composite number?
False
Is 10427251103 a composite number?
True
Is 71470886737 prime?
False
Is 91024111 a composite number?
True
Is 178387709629 composite?
True
Is 177453300523 prime?
True
Is 2280634303 a composite number?
True
Is 25901393591 prime?
True
Is 34209053051 composite?
True
Is 7067326193 prime?
False
Is 17160629543 a prime number?
False
Is 46209617887 a prime number?
True
Is 25522942177 composite?
False
Is 44956515817 prime?
True
Is 476535991 a composite number?
False
Is 216539521 prime?
False
Is 634059869 prime?
True
Is 36433385747 a prime number?
False
Is 105820435261 a composite number?
False
Is 25286053693 composite?
False
Is 5920727455 a prime number?
False
Is 2845160761 a composite number?
False
Is 495820987 a prime number?
False
Is 15826277491 a composite number?
False
Is 1157112623 a prime number?
True
Is 241801661 prime?
True
Is 638764939 composite?
True
Is 2607121871 prime?
False
Is 96805453 prime?
True
Is 51113980543 a prime number?
False
Is 14218101881 composite?
False
Is 8273461411 a prime number?
False
Is 516277919 a prime number?
True
Is 92044741 composite?
True
Is 16303401311 prime?
True
Is 27813861461 prime?
True
Is 2719114499 prime?
True
Is 2019848771 prime?
True
Is 96786554707 prime?
True
Is 7424130223 a composite number?
False
Is 39559319809 a prime number?
True
Is 93698601809 prime?
True
Is 153050456569 prime?
True
Is 7154362519 a composite number?
True
Is 2833254353 composite?
True
Is 1349153191 composite?
True
Is 11677449851 composite?
False
Is 175140149 a prime number?
True
Is 31425066781 a prime number?
False
Is 9715057111 prime?
False
Is 1720480657 composite?
True
Is 10683656089 composite?
True
Is 1082760331 a composite number?
True
Is 27526848298 a composite number?
True
Is 607082969 a prime number?
True
Is 15635861831 composite?
False
Is 962831929 composite?
True
Is 3178035727 prime?
True
Is 1392496673 a prime number?
False
Is 90059677663 a prime number?
True
Is 3762489515 prime?
False
Is 3416461171 prime?
False
Is 19502110451 prime?
False
Is 8934111767 composite?
True
Is 142111784879 a prime number?
False
Is 1761354061 composite?
False
Is 28089302729 prime?
True
Is 12176213171 composite?
False
Is 16900911679 a prime number?
False
Is 3360988199 prime?
True
Is 1683092933 a composite number?
False
Is 1564405811 composite?
True
Is 11161256609 a composite number?
True
Is 2538022691 a composite number?
True
Is 79140727241 a prime number?
False
Is 69141083 prime?
False
Is 388693631 a prime number?
False
Is 7596481309 a prime number?
True
Is 2144740667 composite?
True
Is 47913159079 a composite number?
True
Is 8182802539 a composite number?
False
Is 1602493969 a composite number?
False
Is 796734233 prime?
False
Is 100253207 a composite number?
True
Is 5868076243 a prime number?
True
Is 9986351917 prime?
True
Is 2418368707 composite?
True
Is 9532581563 a prime number?
True
Is 1619405057 composite?
True
Is 1308052679 a composite number?
Tr